digit of 19674429?
4
What is the units digit of 172578?
8
What is the hundreds digit of 1834741?
7
What is the thousands digit of 1979443?
9
What is the hundreds digit of 281648?
6
What is the millions digit of 4213632?
4
What is the ten thousands digit of 1382750?
8
What is the thousands digit of 627954?
7
What is the thousands digit of 53019?
3
What is the hundreds digit of 166794?
7
What is the ten thousands digit of 10647880?
4
What is the hundred thousands digit of 633015?
6
What is the ten millions digit of 10043569?
1
What is the ten thousands digit of 3605149?
0
What is the thousands digit of 397113?
7
What is the ten millions digit of 13043549?
1
What is the thousands digit of 1856753?
6
What is the units digit of 1431430?
0
What is the units digit of 7678729?
9
What is the thousands digit of 4140654?
0
What is the hundred thousands digit of 195446?
1
What is the thousands digit of 5638007?
8
What is the ten thousands digit of 1448997?
4
What is the thousands digit of 2604?
2
What is the ten thousands digit of 1691689?
9
What is the units digit of 20206?
6
What is the units digit of 1663560?
0
What is the hundred thousands digit of 106607?
1
What is the hundred thousands digit of 1317751?
3
What is the hundred thousands digit of 273488?
2
What is the thousands digit of 10866729?
6
What is the hundreds digit of 243291?
2
What is the thousands digit of 12758050?
8
What is the hundred thousands digit of 19500034?
5
What is the hundred thousands digit of 298113?
2
What is the units digit of 863770?
0
What is the units digit of 4069655?
5
What is the hundreds digit of 1405354?
3
What is the units digit of 13706114?
4
What is the millions digit of 4488968?
4
What is the units digit of 257620?
0
What is the hundred thousands digit of 550834?
5
What is the units digit of 20483337?
7
What is the millions digit of 1407796?
1
What is the ten thousands digit of 2335466?
3
What is the ten thousands digit of 182627?
8
What is the millions digit of 2580613?
2
What is the hundreds digit of 3624094?
0
What is the tens digit of 86547?
4
What is the tens digit of 318534?
3
What is the ten thousands digit of 1902343?
0
What is the thousands digit of 1068143?
8
What is the thousands digit of 521482?
1
What is the units digit of 5438767?
7
What is the millions digit of 2581166?
2
What is the tens digit of 145275?
7
What is the units digit of 549602?
2
What is the thousands digit of 7911356?
1
What is the thousands digit of 3930992?
0
What is the hundreds digit of 1077840?
8
What is the units digit of 3759969?
9
What is the tens digit of 23518?
1
What is the thousands digit of 4361427?
1
What is the hundred thousands digit of 4452380?
4
What is the ten thousands digit of 12256659?
5
What is the hundred thousands digit of 654863?
6
What is the ten thousands digit of 7323729?
2
What is the units digit of 155376?
6
What is the hundred thousands digit of 3133801?
1
What is the hundred thousands digit of 3440258?
4
What is the ten thousands digit of 15310689?
1
What is the units digit of 61174?
4
What is the tens digit of 19643121?
2
What is the hundred thousands digit of 28144303?
1
What is the tens digit of 521808?
0
What is the tens digit of 1108565?
6
What is the thousands digit of 5273963?
3
What is the hundred thousands digit of 7324899?
3
What is the ten thousands digit of 7193749?
9
What is the millions digit of 3435239?
3
What is the ten thousands digit of 964889?
6
What is the hundreds digit of 13712933?
9
What is the hundred thousands digit of 521737?
5
What is the thousands digit of 929696?
9
What is the thousands digit of 8670736?
0
What is the hundred thousands digit of 750684?
7
What is the hundred thousands digit of 1284250?
2
What is the hundreds digit of 221419?
4
What is the ten thousands digit of 513641?
1
What is the tens digit of 12410441?
4
What is the tens digit of 2324045?
4
What is the hundreds digit of 862391?
3
What is the units digit of 862586?
6
What is the hundred thousands digit of 384614?
3
What is the hundreds digit of 9140874?
8
What is the millions digit of 7938454?
7
What is the hundreds digit of 593281?
2
What is the thousands digit of 243180?
3
What is the millions digit of 9723115?
9
What is the units digit of 627732?
2
What is the millions digit of 28089997?
8
What is the units digit of 1621142?
2
What is the hundreds digit of 352640?
6
What is the ten thousands digit of 33133?
3
What is the thousands digit of 150856?
0
What is the tens digit of 81537?
3
What is the ten thousands digit of 1678214?
7
What is the ten thousands digit of 25926374?
2
What is the hundreds digit of 1914051?
0
What is the units digit of 656101?
1
What is the hundreds digit of 8418594?
5
What is the hundred thousands digit of 13389725?
3
What is the millions digit of 4508276?
4
What is the tens digit of 849096?
9
What is the hundreds digit of 803980?
9
What is the units digit of 22271?
1
What is the ten thousands digit of 1966628?
6
What is the ten thousands digit of 1809601?
0
What is the thousands digit of 22730?
2
What is the units digit of 165922?
2
What is the tens digit of 1946730?
3
What is the ten thousands digit of 80960?
8
What is the units digit of 811797?
7
What is the units digit of 6517691?
1
What is the tens digit of 3374213?
1
What is the ten millions digit of 18885162?
1
What is the millions digit of 29718155?
9
What is the units digit of 359445?
5
What is the units digit of 1454?
4
What is the thousands digit of 12045942?
5
What is the thousands digit of 293497?
3
What is the millions digit of 1025357?
1
What is the hundreds digit of 141909?
9
What is the thousands digit of 23379437?
9
What is the millions digit of 2178687?
2
What is the units digit of 1170475?
5
What is the hundred thousands digit of 1902116?
9
What is the hundred thousands digit of 1326349?
3
What is the ten thousands digit of 385216?
8
What is the hundred thousands digit of 2320715?
3
What is the tens digit of 254380?
8
What is the thousands digit of 178369?
8
What is the hundreds digit of 13725?
7
What is the tens digit of 2181752?
5
What is the tens digit of 17613?
1
What is the ten thousands digit of 294177?
9
What is the units digit of 1197822?
2
What is the hundreds digit of 67498?
4
What is the thousands digit of 18524?
8
What is the tens digit of 278048?
4
What is the tens digit of 72691?
9
What is the hundred thousands digit of 2422907?
4
What is the hundreds digit of 2269515?
5
What is the hundred thousands digit of 105922?
1
What is the millions digit of 18570115?
8
What is the tens digit of 2179860?
6
What is the units digit of 217168?
8
What is the units digit of 8405096?
6
What is the tens digit of 1301929?
2
What is the ten thousands digit of 10252169?
5
What is the hundreds digit of 25584826?
8
What is the tens digit of 641850?
5
What is the tens digit of 558285?
8
What is the ten thousands digit of 1489598?
8
What is the ten thousands digit of 2447688?
4
What is the millions digit of 28155436?
8
What is the tens digit of 9212?
1
What is the hundred thousands digit of 604683?
6
What is the ten thousands digit of 1994955?
9
What is the hundreds digit of 27815331?
3
What is the ten thousands digit of 17733477?
3
What is the ten thousands digit of 7573902?
7
What is the tens digit of 4438814?
1
What is the thousands digit of 177511?
7
What is the units digit of 26390114?
4
What is the hundreds digit of 67691?
6
What is the ten thousands digit of 1291048?
9
What is the ten thousands digit of 13015?
1
What is the millions digit of 2628217?
2
What is the ten thousands digit of 8474664?
7
What is the ten thousands digit of 6347270?
4
What is the hundred thousands digit of 3331632?
3
What is the ten millions digit of 18173131?
1
What is the units digit of 1660504?
4
What is the hundreds digit of 3902481?
4
What is the millions digit of 14440818?
4
What is the millions digit of 1485590?
1
What is the units digit of 473064?
4
What is the hundred thousands digit of 985125?
9
What is the hundreds digit of 13162729?
7
What is the tens digit of 4804412?
1
What is the thousands digit of 1476034?
6
What is the thousands digit of 16948738?
8
What is the hundred thousands digit of 532375?
5
What is the units digit of 344292?
2
What is the hundreds digit of 1